[INFO] cloning repository https://github.com/skeleten/fiesta-test
[INFO] running `Command { std: "git" "-c" "credential.helper=" "-c" "credential.helper=/workspace/cargo-home/bin/git-credential-null" "clone" "--bare" "https://github.com/skeleten/fiesta-test" "/workspace/cache/git-repos/https%3A%2F%2Fgithub.com%2Fskeleten%2Ffiesta-test", kill_on_drop: false }`
[INFO] [stderr] Cloning into bare repository '/workspace/cache/git-repos/https%3A%2F%2Fgithub.com%2Fskeleten%2Ffiesta-test'...
[INFO] running `Command { std: "git" "rev-parse" "HEAD", kill_on_drop: false }`
[INFO] [stdout] 4cd9eec9fb3beb39ca8950fd1753141feecab10a
[INFO] checking skeleten/fiesta-test against master#af3c6e733a40e671550e0f0f5aeecaa13772ba56 for pr-74989
[INFO] running `Command { std: "git" "clone" "/workspace/cache/git-repos/https%3A%2F%2Fgithub.com%2Fskeleten%2Ffiesta-test" "/workspace/builds/worker-6/source", kill_on_drop: false }`
[INFO] [stderr] Cloning into '/workspace/builds/worker-6/source'...
[INFO] [stderr] done.
[INFO] validating manifest of git repo https://github.com/skeleten/fiesta-test on toolchain af3c6e733a40e671550e0f0f5aeecaa13772ba56
[INFO] running `Command { std: "/workspace/cargo-home/bin/cargo" "+af3c6e733a40e671550e0f0f5aeecaa13772ba56" "read-manifest" "--manifest-path" "Cargo.toml", kill_on_drop: false }`
[INFO] started tweaking git repo https://github.com/skeleten/fiesta-test
[INFO] finished tweaking git repo https://github.com/skeleten/fiesta-test
[INFO] tweaked toml for git repo https://github.com/skeleten/fiesta-test written to /workspace/builds/worker-6/source/Cargo.toml
[INFO] crate git repo https://github.com/skeleten/fiesta-test already has a lockfile, it will not be regenerated
[INFO] running `Command { std: "/workspace/cargo-home/bin/cargo" "+af3c6e733a40e671550e0f0f5aeecaa13772ba56" "fetch" "--locked" "--manifest-path" "Cargo.toml", kill_on_drop: false }`
[INFO] [stderr]     Blocking waiting for file lock on package cache
[INFO] [stderr]     Updating git repository `https://github.com/skeleten/fiesta-net`
[INFO] [stderr]     Updating crates.io index
[INFO] [stderr] error: the lock file /workspace/builds/worker-6/source/Cargo.lock needs to be updated but --locked was passed to prevent this
[INFO] [stderr] If you want to try to generate the lock file without accessing the network, use the --offline flag.
[INFO] the lockfile is outdated, regenerating it
[INFO] running `Command { std: "/workspace/cargo-home/bin/cargo" "+af3c6e733a40e671550e0f0f5aeecaa13772ba56" "generate-lockfile" "--manifest-path" "Cargo.toml" "-Zno-index-update", kill_on_drop: false }`
[INFO] [stderr]     Blocking waiting for file lock on package cache
[INFO] [stderr]     Updating git repository `https://github.com/skeleten/fiesta-net`
[INFO] running `Command { std: "/workspace/cargo-home/bin/cargo" "+af3c6e733a40e671550e0f0f5aeecaa13772ba56" "fetch" "--locked" "--manifest-path" "Cargo.toml", kill_on_drop: false }`
[INFO] [stderr]     Blocking waiting for file lock on package cache
[INFO] running `Command { std: "docker" "create" "-v" "/var/lib/crater-agent-workspace/builds/worker-6/target:/opt/rustwide/target:rw,Z" "-v" "/var/lib/crater-agent-workspace/builds/worker-6/source:/opt/rustwide/workdir:ro,Z" "-v" "/var/lib/crater-agent-workspace/cargo-home:/opt/rustwide/cargo-home:ro,Z" "-v" "/var/lib/crater-agent-workspace/rustup-home:/opt/rustwide/rustup-home:ro,Z" "-e" "SOURCE_DIR=/opt/rustwide/workdir" "-e" "CARGO_TARGET_DIR=/opt/rustwide/target" "-e" "CARGO_HOME=/opt/rustwide/cargo-home" "-e" "RUSTUP_HOME=/opt/rustwide/rustup-home" "-w" "/opt/rustwide/workdir" "-m" "1610612736" "--user" "0:0" "--network" "none" "rustops/crates-build-env@sha256:d92eaeed33fa75130ca1ee6c8a01d1ffb62bac859dfdfb3450e3e5d1c0146529" "/opt/rustwide/cargo-home/bin/cargo" "+af3c6e733a40e671550e0f0f5aeecaa13772ba56" "metadata" "--no-deps" "--format-version=1", kill_on_drop: false }`
[INFO] [stdout] 03463873718fcfb3d48773aeea9afae9470a56afc102f03c67f119b7606d4040
[INFO] [stderr] WARNING: Your kernel does not support swap limit capabilities or the cgroup is not mounted. Memory limited without swap.
[INFO] running `Command { std: "docker" "start" "-a" "03463873718fcfb3d48773aeea9afae9470a56afc102f03c67f119b7606d4040", kill_on_drop: false }`
[INFO] running `Command { std: "docker" "inspect" "03463873718fcfb3d48773aeea9afae9470a56afc102f03c67f119b7606d4040", kill_on_drop: false }`
[INFO] running `Command { std: "docker" "rm" "-f" "03463873718fcfb3d48773aeea9afae9470a56afc102f03c67f119b7606d4040", kill_on_drop: false }`
[INFO] [stdout] 03463873718fcfb3d48773aeea9afae9470a56afc102f03c67f119b7606d4040
[INFO] running `Command { std: "docker" "create" "-v" "/var/lib/crater-agent-workspace/builds/worker-6/target:/opt/rustwide/target:rw,Z" "-v" "/var/lib/crater-agent-workspace/builds/worker-6/source:/opt/rustwide/workdir:ro,Z" "-v" "/var/lib/crater-agent-workspace/cargo-home:/opt/rustwide/cargo-home:ro,Z" "-v" "/var/lib/crater-agent-workspace/rustup-home:/opt/rustwide/rustup-home:ro,Z" "-e" "SOURCE_DIR=/opt/rustwide/workdir" "-e" "CARGO_TARGET_DIR=/opt/rustwide/target" "-e" "CARGO_INCREMENTAL=0" "-e" "RUST_BACKTRACE=full" "-e" "RUSTFLAGS=--cap-lints=forbid" "-e" "CARGO_HOME=/opt/rustwide/cargo-home" "-e" "RUSTUP_HOME=/opt/rustwide/rustup-home" "-w" "/opt/rustwide/workdir" "-m" "1610612736" "--user" "0:0" "--network" "none" "rustops/crates-build-env@sha256:d92eaeed33fa75130ca1ee6c8a01d1ffb62bac859dfdfb3450e3e5d1c0146529" "/opt/rustwide/cargo-home/bin/cargo" "+af3c6e733a40e671550e0f0f5aeecaa13772ba56" "check" "--frozen" "--all" "--all-targets" "--message-format=json", kill_on_drop: false }`
[INFO] [stdout] e2c5d3cbed47e970956f444c2e6d7c9de2de8b16154f614f11f39992e87be029
[INFO] [stderr] WARNING: Your kernel does not support swap limit capabilities or the cgroup is not mounted. Memory limited without swap.
[INFO] running `Command { std: "docker" "start" "-a" "e2c5d3cbed47e970956f444c2e6d7c9de2de8b16154f614f11f39992e87be029", kill_on_drop: false }`
[INFO] [stderr]    Compiling log v0.4.11
[INFO] [stderr]     Checking bitflags v0.1.1
[INFO] [stderr]     Checking libc v0.1.12
[INFO] [stderr]     Checking slab v0.1.3
[INFO] [stderr]     Checking bytes v0.2.11
[INFO] [stderr]     Checking threadpool v0.1.4
[INFO] [stderr]     Checking rand v0.4.6
[INFO] [stderr]     Checking winapi v0.1.23
[INFO] [stderr]     Checking time v0.1.44
[INFO] [stderr]     Checking nix v0.3.10
[INFO] [stderr]     Checking log v0.3.9
[INFO] [stderr]     Checking rand v0.3.23
[INFO] [stderr]     Checking chan v0.1.23
[INFO] [stderr]     Checking mio v0.4.4
[INFO] [stderr]     Checking fiesta-net v0.1.0 (https://github.com/skeleten/fiesta-net#b5372e1c)
[INFO] [stderr]     Checking fiesta-tests v0.1.0 (/opt/rustwide/workdir)
[INFO] [stdout] error[E0433]: failed to resolve: use of undeclared type or module `PacketProcessingThreadPool`
[INFO] [stdout]   --> src/main.rs:80:24
[INFO] [stdout]    |
[INFO] [stdout] 80 |     let mult_handler = PacketProcessingThreadPool::new(20, handler);
[INFO] [stdout]    |                        ^^^^^^^^^^^^^^^^^^^^^^^^^^ use of undeclared type or module `PacketProcessingThreadPool`
[INFO] [stdout] 
[INFO] [stdout] 
[INFO] [stdout] error[E0433]: failed to resolve: could not find `FiestaHandler` in `fiesta_net`
[INFO] [stdout]   --> src/main.rs:83:35
[INFO] [stdout]    |
[INFO] [stdout] 83 |     let mut handler = fiesta_net::FiestaHandler::new(socket, Box::new(mult_handler));
[INFO] [stdout]    |                                   ^^^^^^^^^^^^^ could not find `FiestaHandler` in `fiesta_net`
[INFO] [stdout] 
[INFO] [stdout] 
[INFO] [stdout] error[E0405]: cannot find trait `PacketProcessor` in this scope
[INFO] [stdout]   --> src/main.rs:50:6
[INFO] [stdout]    |
[INFO] [stdout] 50 | impl PacketProcessor for SampleHandler {
[INFO] [stdout]    |      ^^^^^^^^^^^^^^^ not found in this scope
[INFO] [stdout] 
[INFO] [stdout] 
[INFO] [stdout] error[E0412]: cannot find type `PacketProcessingInfo` in this scope
[INFO] [stdout]   --> src/main.rs:51:52
[INFO] [stdout]    |
[INFO] [stdout] 50 | impl PacketProcessor for SampleHandler {
[INFO] [stdout]    |     - help: you might be missing a type parameter: `<PacketProcessingInfo>`
[INFO] [stdout] 51 |     fn process_packet(&mut self, info: Arc<RwLock<Box<PacketProcessingInfo>>>) {
[INFO] [stdout]    |                                                       ^^^^^^^^^^^^^^^^^^^^ not found in this scope
[INFO] [stdout] 
[INFO] [stdout] 
[INFO] [stdout] error[E0412]: cannot find type `PacketProcessor` in this scope
[INFO] [stdout]   --> src/main.rs:59:25
[INFO] [stdout]    |
[INFO] [stdout] 50 | impl PacketProcessor for SampleHandler {
[INFO] [stdout]    |     - help: you might be missing a type parameter: `<PacketProcessor>`
[INFO] [stdout] ...
[INFO] [stdout] 59 |     fn clone(&self) -> Box<PacketProcessor> {
[INFO] [stdout]    |                            ^^^^^^^^^^^^^^^ not found in this scope
[INFO] [stdout] 
[INFO] [stdout] 
[INFO] [stdout] error[E0425]: cannot find value `SERVER_TOKEN` in crate `fiesta_net`
[INFO] [stdout]   --> src/main.rs:82:46
[INFO] [stdout]    |
[INFO] [stdout] 82 |     event_loop.register(&socket, fiesta_net::SERVER_TOKEN).unwrap();
[INFO] [stdout]    |                                              ^^^^^^^^^^^^ not found in `fiesta_net`
[INFO] [stdout] 
[INFO] [stdout] 
[INFO] [stdout] warning: unused import: `fiesta_net::*`
[INFO] [stdout]   --> src/main.rs:10:5
[INFO] [stdout]    |
[INFO] [stdout] 10 | use fiesta_net::*;
[INFO] [stdout]    |     ^^^^^^^^^^^^^
[INFO] [stdout]    |
[INFO] [stdout]    = note: `#[warn(unused_imports)]` on by default
[INFO] [stdout] 
[INFO] [stdout] 
[INFO] [stdout] warning: unused import: `std::sync::Mutex`
[INFO] [stdout]  --> src/logger.rs:1:5
[INFO] [stdout]   |
[INFO] [stdout] 1 | use std::sync::Mutex;
[INFO] [stdout]   |     ^^^^^^^^^^^^^^^^
[INFO] [stdout] 
[INFO] [stdout] 
[INFO] [stdout] warning: unnecessary parentheses around assigned value
[INFO] [stdout]   --> src/main.rs:34:14
[INFO] [stdout]    |
[INFO] [stdout] 34 |                         rate = ((*guard) - last);
[INFO] [stdout]    |                                ^^^^^^^^^^^^^^^^^ help: remove these parentheses
[INFO] [stdout]    |
[INFO] [stdout]    = note: `#[warn(unused_parens)]` on by default
[INFO] [stdout] 
[INFO] [stdout] 
[INFO] [stdout] error: aborting due to 6 previous errors; 3 warnings emitted
[INFO] [stdout] 
[INFO] [stdout] 
[INFO] [stdout] Some errors have detailed explanations: E0405, E0412, E0425, E0433.
[INFO] [stdout] 
[INFO] [stdout] For more information about an error, try `rustc --explain E0405`.
[INFO] [stdout] 
[INFO] [stderr] error: could not compile `fiesta-tests`.
[INFO] [stderr] 
[INFO] [stderr] To learn more, run the command again with --verbose.
[INFO] [stderr] warning: build failed, waiting for other jobs to finish...
[INFO] [stdout] error[E0433]: failed to resolve: use of undeclared type or module `PacketProcessingThreadPool`
[INFO] [stdout]   --> src/main.rs:80:24
[INFO] [stdout]    |
[INFO] [stdout] 80 |     let mult_handler = PacketProcessingThreadPool::new(20, handler);
[INFO] [stdout]    |                        ^^^^^^^^^^^^^^^^^^^^^^^^^^ use of undeclared type or module `PacketProcessingThreadPool`
[INFO] [stdout] 
[INFO] [stdout] 
[INFO] [stdout] error[E0433]: failed to resolve: could not find `FiestaHandler` in `fiesta_net`
[INFO] [stdout]   --> src/main.rs:83:35
[INFO] [stdout]    |
[INFO] [stdout] 83 |     let mut handler = fiesta_net::FiestaHandler::new(socket, Box::new(mult_handler));
[INFO] [stdout]    |                                   ^^^^^^^^^^^^^ could not find `FiestaHandler` in `fiesta_net`
[INFO] [stdout] 
[INFO] [stdout] 
[INFO] [stdout] error[E0405]: cannot find trait `PacketProcessor` in this scope
[INFO] [stdout]   --> src/main.rs:50:6
[INFO] [stdout]    |
[INFO] [stdout] 50 | impl PacketProcessor for SampleHandler {
[INFO] [stdout]    |      ^^^^^^^^^^^^^^^ not found in this scope
[INFO] [stdout] 
[INFO] [stdout] 
[INFO] [stdout] error[E0412]: cannot find type `PacketProcessingInfo` in this scope
[INFO] [stdout]   --> src/main.rs:51:52
[INFO] [stdout]    |
[INFO] [stdout] 50 | impl PacketProcessor for SampleHandler {
[INFO] [stdout]    |     - help: you might be missing a type parameter: `<PacketProcessingInfo>`
[INFO] [stdout] 51 |     fn process_packet(&mut self, info: Arc<RwLock<Box<PacketProcessingInfo>>>) {
[INFO] [stdout]    |                                                       ^^^^^^^^^^^^^^^^^^^^ not found in this scope
[INFO] [stdout] 
[INFO] [stdout] 
[INFO] [stdout] error[E0412]: cannot find type `PacketProcessor` in this scope
[INFO] [stdout]   --> src/main.rs:59:25
[INFO] [stdout]    |
[INFO] [stdout] 50 | impl PacketProcessor for SampleHandler {
[INFO] [stdout]    |     - help: you might be missing a type parameter: `<PacketProcessor>`
[INFO] [stdout] ...
[INFO] [stdout] 59 |     fn clone(&self) -> Box<PacketProcessor> {
[INFO] [stdout]    |                            ^^^^^^^^^^^^^^^ not found in this scope
[INFO] [stdout] 
[INFO] [stdout] 
[INFO] [stdout] error[E0425]: cannot find value `SERVER_TOKEN` in crate `fiesta_net`
[INFO] [stdout]   --> src/main.rs:82:46
[INFO] [stdout]    |
[INFO] [stdout] 82 |     event_loop.register(&socket, fiesta_net::SERVER_TOKEN).unwrap();
[INFO] [stdout]    |                                              ^^^^^^^^^^^^ not found in `fiesta_net`
[INFO] [stdout] 
[INFO] [stdout] 
[INFO] [stdout] warning: unused import: `fiesta_net::*`
[INFO] [stdout]   --> src/main.rs:10:5
[INFO] [stdout]    |
[INFO] [stdout] 10 | use fiesta_net::*;
[INFO] [stdout]    |     ^^^^^^^^^^^^^
[INFO] [stdout]    |
[INFO] [stdout]    = note: `#[warn(unused_imports)]` on by default
[INFO] [stdout] 
[INFO] [stdout] 
[INFO] [stdout] warning: unused import: `std::sync::Mutex`
[INFO] [stdout]  --> src/logger.rs:1:5
[INFO] [stdout]   |
[INFO] [stdout] 1 | use std::sync::Mutex;
[INFO] [stdout]   |     ^^^^^^^^^^^^^^^^
[INFO] [stdout] 
[INFO] [stdout] 
[INFO] [stdout] warning: unnecessary parentheses around assigned value
[INFO] [stdout]   --> src/main.rs:34:14
[INFO] [stdout]    |
[INFO] [stdout] 34 |                         rate = ((*guard) - last);
[INFO] [stdout]    |                                ^^^^^^^^^^^^^^^^^ help: remove these parentheses
[INFO] [stdout]    |
[INFO] [stdout]    = note: `#[warn(unused_parens)]` on by default
[INFO] [stdout] 
[INFO] [stdout] 
[INFO] [stdout] error: aborting due to 6 previous errors; 3 warnings emitted
[INFO] [stdout] 
[INFO] [stdout] 
[INFO] [stdout] Some errors have detailed explanations: E0405, E0412, E0425, E0433.
[INFO] [stdout] 
[INFO] [stdout] For more information about an error, try `rustc --explain E0405`.
[INFO] [stdout] 
[INFO] [stderr] error: build failed
[INFO] running `Command { std: "docker" "inspect" "e2c5d3cbed47e970956f444c2e6d7c9de2de8b16154f614f11f39992e87be029", kill_on_drop: false }`
[INFO] running `Command { std: "docker" "rm" "-f" "e2c5d3cbed47e970956f444c2e6d7c9de2de8b16154f614f11f39992e87be029", kill_on_drop: false }`
[INFO] [stdout] e2c5d3cbed47e970956f444c2e6d7c9de2de8b16154f614f11f39992e87be029
